177. Suppose -4*c = 4*b - 305 - 119, 210 = 2*c + 4*b. Let d = c - g. Is d a prime number?
False
Suppose -v - p + 17 = 0, -3*v = v + 3*p - 64. Let r = -7 + v. Suppose -2*w - 892 = -r*w. Is w prime?
True
Let o(s) = s - 19 + s**2 + 0 - 3*s + 6*s. Let p be o(-7). Suppose 0 = p*v - 4*v + 230. Is v composite?
True
Is (-13 - 3764370/12)/(1 + 3/(-2)) prime?
False
Suppose 5*u - 615644 = -7*v, 4*u + 3*v - 153099 - 339424 = 0. Is u composite?
True
Suppose -2*h = -p - 6468, h - p = 2*h - 3228. Suppose 0 = 5*w + 2*f - 27707, -3*w + h = 5*f - 13377. Is w a composite number?
True
Let j = -349 - -739. Suppose 0 = -2*t - 3*t + j. Let v = 913 + t. Is v prime?
True
Let q(z) = -z**3 - 6*z - 6. Let m(t) = 2*t**3 + 5*t + 6. Let u(c) = -6*m(c) - 5*q(c). Let h be u(-3). Suppose 452 + h = 5*y. Is y a composite number?
False
Is (364232/220)/(8/860) prime?
False
Let z be 387*33 - 56/7. Suppose 20*b = 9537 + z. Is b a prime number?
False
Let v be (120/(-78))/(-10) - (-4)/(-26). Is -10 + 471 - ((v - 0) + -5) composite?
True
Is (-2388426)/(-9) - ((-312)/(-36) + -9) a prime number?
True
Let c(n) = -n**3 + 7*n**2 + 5*n + 19. Let x be c(8). Let z be (2 - x/(-2))*30. Is 1*(-6)/z - 22412/(-20) prime?
False
Let b(q) = 9*q**2 - 61*q + 106. Let t(v) = -2*v**2 + 12*v - 21. Let d(p) = -2*b(p) - 11*t(p). Let g be 0 + ((-3 - 1) + 17)*1. Is d(g) a composite number?
True
Suppose 5*a + 119081 = -45*z + 41*z, -4*a - 95236 = -4*z. Let i = 47730 + a. Is i a prime number?
True
Suppose r + 37693 - 243218 = -20*d, -d + 821547 = 4*r. Is r prime?
False
Suppose 9*a - 570 - 8427 = 444. Is a composite?
False
Let p = 23 - 23. Suppose 0 = -2*r + 2*i + 4, -4*r + 14 = -2*i - p. Suppose 3*c + m - 3277 = 181, 2*c + r*m - 2327 = 0. Is c prime?
True
Suppose -4*o - 2*f = -14, -2*o + 2*f - 6 - 2 = 0. Is (109/218)/(o/59434 + 0) composite?
False
Suppose 563*y = 566*y + 17664. Let m = -2469 - y. Is m prime?
False
Suppose -14*i + 3*o - 1509736 = -19*i, -2*i + 3*o + 603907 = 0. Is i a prime number?
True
Let v(o) = -47*o + 34. Let r be v(-9). Suppose 2*a = -2*f + r - 13, 5*a = -5. Is f prime?
True
Let z = 1831 - 765. Let c = z + 295. Is c a prime number?
True
Is (-4)/3*(-37)/((-444)/(-115992)) + 5 composite?
False
Let v = 251 - 207. Is -6 + 347988/v + (-4)/(-22) prime?
False
Is (-3)/7 - (16311912/(-84) + (-2 - -12)) a composite number?
False
Let b(d) = 3751*d**2 - 96*d - 576. Is b(-7) composite?
True
Suppose 5*k - 13246 = 14344. Suppose 5*g - k = 2287. Is g prime?
False
Let c = 20205 + -12706. Is c composite?
False
Let q(l) = 410*l**2 - 3*l + 46. Is q(13) a prime number?
False
Suppose 112*b - 116*b = -171812. Is b prime?
True
Suppose l + 3*i - 24940 = 0, -i = -3*i + 2. Is l prime?
False
Is (-738049)/(-26) + 1*(-7)/(-14) a composite number?
False
Let s be (444/(-24))/(1/10). Let d be (-99)/(6*2/(-104)). Let k = d + s. Is k a prime number?
True
Let l(j) = 93643*j**2 + 49*j - 71. Is l(2) composite?
True
Suppose -21*z - 70*z = -20563543. Is z a prime number?
False
Suppose -5182648 - 4458092 = -129*q - 385119. Is q composite?
True
Let f(d) = -d**3 + 2*d. Let u(x) = -11*x**3 - 15*x**2 - 8*x + 23. Let b(i) = -5*f(i) + u(i). Is b(-10) a composite number?
False
Suppose -4*y + 2*g + 16 = -2*y, 3*y = -2*g + 19. Suppose -24556 = y*a - 11*a. Is a a prime number?
False
Suppose 8*o + 11046 = -8162. Let r = o - -8590. Is r a prime number?
False
Let g = 1406656 + -190953. Is g a composite number?
False
Is 6*1 + (34346 - (9 + 6)) a composite number?
False
Suppose -17*a - 415415 = 76837. Let g be -3 + (24/18)/((-1)/a). Suppose -38560 = -5*v - 5*w, -6*v + 4*w + g = -v. Is v prime?
True
Suppose 2*p - 5*q = 713488, -3*p - 4*q + 490349 = -579814. Is p a composite number?
True
Let o be (4/3)/((-23)/(-69)). Suppose 2*x - 6341 = o*q + 10385, 0 = -x + q + 8365. Is x a composite number?
True
Let n = -400 - -412. Suppose -15*x + n*x + 2559 = 0. Is x a prime number?
True
Let i be -2 - -25 - (2 + -1). Let x(b) = b - 17. Let d(h) = 3*h + 1. Let a(s) = 6*d(s) + x(s). Is a(i) prime?
False
Suppose d = 5*o + 12, -2*d - 3*o + 3 = -6*o. Is (193 - (-10)/(-5)) + (d - 1) composite?
True
Is 1473583616/2880 - (-2)/90 prime?
False
Let t(x) = 2371*x + 5175. Is t(22) a prime number?
False
Suppose 4*p = -2*q + 713426, 12*p = q + 7*p - 356741. Is q a prime number?
False
Let k(t) = 57*t**2 - t - 2. Let g be k(-11). Is 8 - (2/2 - g) prime?
False
Let d be 240/(-208) + (-4)/(-26). Let k(b) = -2*b**3 - 4*b - 3. Let f be k(d). Suppose -2*z = 10, -f*z + 0*z + 112 = w. Is w a prime number?
True
Let x(p) be the second derivative of p**4/2 + p**3/6 - p**2 - 16*p - 1. Is x(3) prime?
False
Let v = -10880 + 16437. Is v a prime number?
True
Let l be (21 - 15) + 1*3. Suppose l*k = 3433 + 1985. Suppose -2*o + 5*o + k = 2*v, 3*v + 4*o - 886 = 0. Is v composite?
True
Suppose 0 = 178*k - 184*k + 4600326. Is k a prime number?
True
Suppose d - 5*z = 173662, -20*z - 347300 = -2*d - 18*z. Is d a prime number?
True
Let u be (21 - -5)/((-1)/(-2)*4). Let c = u - 17. Is c*((-10916)/40 + (-6)/10) composite?
True
Suppose -2*x = -7 + 1. Suppose l - 3*l = -x*s - 7450, -2*l - 3*s + 7426 = 0. Is l a composite number?
False
Let p(b) = b**3 + 9*b**2 + b - 6. Let q be p(-9). Let k be (-2)/3*q/10*1. Is k - 3/(3/(-34)) a composite number?
True
Let n be (-2)/(-9) + 3 + (-1249650)/(-81). Suppose 6*i = 13141 + n. Is i prime?
False
Suppose 246*j = 239*j + 624071. Is j a composite number?
False
Suppose -48*c - 36 = -51*c. Let y be ((-522)/36)/((-2)/c). Suppose -4*i = -2*i + f - y, 0 = 2*i - 4*f - 82. Is i prime?
True
Let h = 28 - 26. Suppose -6 = h*j - 4*j. Suppose 4330 = 5*m - 4*u + 123, 0 = -4*m + j*u + 3365. Is m prime?
True
Suppose 1398598 + 867378 - 158669 = 149*o. Is o prime?
True
Let v(y) = -y**3 + 15*y**2 + 33*y + 15. Let l be v(17). Let q be (-112)/35*(35/l + 0). Suppose 2*b - 471 = -3*g, 0 = 5*g + 4*b - 839 + q. Is g prime?
False
Suppose -4*g - p + 13298 = 0, 2*g + 3*g + 2*p - 16624 = 0. Is 7*3*g/126 composite?
True
Let f = 6219 + 11904. Let t = f + -12284. Is t a composite number?
False
Suppose -3041*j - 3196420 = -3051*j + 1493450. Is j composite?
True
Let l be ((-1)/4 + (-7)/(-28))*1. Is l + 2149 + (-116)/(-29) a composite number?
False
Let l = 65901 - 10052. Is l a prime number?
True
Suppose p - 2143550 = -2*q - 852716, 5*q - 3227079 = -4*p. Is q prime?
True
Suppose 103*z = 108*z - 30, -4*z + 1249012 = 4*n. Is n prime?
False
Let l = 76 - 60. Suppose -l*s + 47225 = -2519. Is s composite?
False
Let b(m) = 2*m**2 + 28*m + 8353. Is b(0) a prime number?
True
Let x = 66957 - 25418. Is x prime?
True
Suppose -5*f - 854*m + 4 = -850*m, 5*m = -3*f - 8. Suppose -2*s + 1944 = -2986. Suppose 4*q - 1479 = -3*v, f*v + v + 3*q = s. Is v prime?
False
Let a be (16/14)/((-48)/(-168)). Is a/3 - (-3341)/3 prime?
False
Let f(r) = 50*r**2 + 223*r + 1. Is f(-70) composite?
True
Let i(m) = 3*m**3 - 2*m**2 + 3*m + 12. Let v be i(7). Suppose -4*q = d - 867 - v, 2*q + 8 = 0. Is d prime?
True
Let j(l) = -11*l - 5. Let y(s) = -5*s - 2. Let d(f) = -4*j(f) + 9*y(f). Let h(w) = 1074*w - 4. Let p(g) = -3*d(g) - h(g). Is p(-1) prime?
True
Let v(w) = -16*w - 4. Let p be v(2). Let z be 1*p*3/(-6). Is (-5)/30 + 2631/z a composite number?
True
Suppose -3*w = -9*j + 5*j - 1085, 3*w - 260 = j. Is (-514)/(j/748 + 2/8) a prime number?
False
Is 5234051/11 - (510/(-22) - -23) composite?
False
Is 193 + -210 + 2*221978 prime?
True
Let t(z) = z**3 + 4*z**2 + 2. Let s be t(-4). Suppose 0 = d + s*c - 4*c - 10845, 4*c = -4*d + 43368. Is d a prime number?
False
Let k(l) be the second derivative of 110/3*l**3 + 0 + 23*l + 3/2*l**2. Is k(2) a prime number?
True
Let s(o) = -243*o**2 - 2*o - 1. Let b be s(-3). Let w = -1295 - b. Is w a composite number?
False
Let l = -160 + 430. Let o(i) = -1 - l*i + 3*i**2 + 10 + 259*i. Is o(-10) a prime number?
True
Let g(h) be the first derivative of -h**4/4 - 6*h**3 - 9*h**2 - 17*h - 19. Let b be g(-17). Suppose 4*p - 2*p - 70 = b. Is p prime?
False
Suppose -12*n + 33508637 = 47*n. Is n a composite number?
False
Let q = 60 + -6. Suppose -3676 = -58*s + q*s. Is s composite?
False
Suppose -52*m + 1704743 = 5*v - 48*m, -3*m = 2*v - 681893. Is v prime?
False
Let t = 33960 + -15757. Suppose 4*n - q - 5248 = 19041, 2*q = -3*n + t. Is n composite?
True
Let u(o) = -882*o - 95. Suppose -80*c + 96 = -88*c. Is u(